base 15
50ba
-1011212 (base 5) to base 9
-24477
What is 1000011010 (base 2) in base 4?
20122
1113 (base 8) to base 7
1466
Convert -1070 (base 9) to base 11.
-660
2656 (base 7) to base 16
3fd
3972 (base 10) to base 7
14403
What is -20101210 (base 3) in base 7?
-16413
What is -22120 (base 3) in base 11?
-1a0
-116 (base 12) to base 2
-10100010
Convert -4c5 (base 15) to base 9.
-1435
What is 2131 (base 8) in base 6?
5053
Convert -210210010 (base 3) to base 6.
-201303
-1348 (base 14) to base 11
-2608
-4046 (base 11) to base 15
-18d4
Convert -2132 (base 5) to base 2.
-100100100
Convert -110000 (base 2) to base 6.
-120
Convert 102041 (base 5) to base 10.
3396
Convert -253 (base 16) to base 9.
-731
23510 (base 6) to base 3
11200220
-210101 (base 3) to base 15
-287
1188 (base 12) to base 8
3670
What is 849 (base 16) in base 3?
2220120
Convert 203214 (base 6) to base 3.
211100001
110011101 (base 2) to base 15
1c8
What is 2b1 (base 13) in base 4?
13202
What is 1416 (base 9) in base 2?
10000101100
-30415 (base 7) to base 5
-214121
Convert -1 (base 5) to base 13.
-1
Convert 201100 (base 3) to base 5.
4042
What is 436 (base 10) in base 15?
1e1
421a (base 13) to base 6
110205
Convert -47a (base 16) to base 11.
-952
Convert 561 (base 9) to base 13.
295
-6435 (base 9) to base 14
-1a1c
11110000001 (base 2) to base 16
781
Convert -31311 (base 4) to base 10.
-885
-19c (base 14) to base 2
-101001110
d4d (base 16) to base 5
102110
What is 11341 (base 5) in base 6?
3530
What is 419 (base 11) in base 14?
280
31b2 (base 13) to base 16
1af9
-b028 (base 12) to base 6
-224052
What is -9717 (base 10) in base 7?
-40221
-11100010011 (base 2) to base 14
-935
-3665 (base 8) to base 4
-132311
What is -1010102110 (base 3) in base 9?
-33373
4021 (base 10) to base 12
23b1
Convert 77a (base 13) to base 3.
1202120
What is -314b (base 12) in base 5?
-133022
What is 73a (base 11) in base 14?
478
What is -112311 (base 4) in base 2?
-10110110101
Convert -76c4 (base 13) to base 12.
-96b5
What is 1051 (base 7) in base 6?
1431
What is 49b (base 13) in base 11?
671
What is -1011010011 (base 2) in base 3?
-222210
What is -267 (base 8) in base 5?
-1213
Convert -2133 (base 9) to base 3.
-2011010
Convert 1022133 (base 4) to base 8.
11237
-20646 (base 11) to base 10
-30058
What is -100101101011 (base 2) in base 7?
-10013
What is -c7e (base 15) in base 4?
-230003
Convert -674 (base 12) to base 5.
-12302
What is -8618 (base 10) in base 16?
-21aa
Convert 20034 (base 5) to base 6.
5513
Convert 4322411 (base 5) to base 12.
36635
What is 11011111010 (base 2) in base 12?
104a
Convert 40112 (base 8) to base 2.
100000001001010
-422 (base 11) to base 16
-1fc
What is -18541 (base 9) in base 7?
-52264
What is 224 (base 12) in base 10?
316
Convert 100220122 (base 3) to base 16.
1c3a
50 (base 6) to base 3
1010
9810 (base 13) to base 4
11022102
-1161 (base 14) to base 4
-233101
Convert -4c86 (base 14) to base 9.
-20400
What is -1001000100100 (base 2) in base 8?
-11044
Convert -424340 (base 5) to base 6.
-150225
What is 1406a (base 13) in base 7?
214101
-27bb (base 15) to base 14
-3153
What is -119 (base 11) in base 4?
-2031
206b8 (base 13) to base 9
87853
ae4 (base 16) to base 15
c5d
36070 (base 8) to base 11
10645
What is a01 (base 15) in base 4?
203023
What is 1001121111 (base 3) in base 7?
114544
What is -eb (base 15) in base 2?
-11011101
Convert -101011 (base 3) to base 4.
-10102
Convert 12503 (base 7) to base 13.
1697
7071 (base 8) to base 4
320321
What is 326 (base 10) in base 12?
232
101110010011 (base 2) to base 6
21415
-165 (base 7) to base 3
-10120
1011202110 (base 3) to base 15
6cd6
Convert -11122011 (base 3) to base 5.
-102004
What is -17a24 (base 11) in base 15?
-76e9
Convert -1113121 (base 5) to base 14.
-72d4
-102002320 (base 4) to base 15
-16d77
Convert 32111 (base 4) to base 12.
645
-11328 (base 11) to base 2
-11111111101101
-584 (base 10) to base 9
-718
-13222 (base 7) to base 4
-313120
What is 291 (base 12) in base 6?
1501
-1d4 (base 15) to base 14
-224
What is 2424 (base 10) in base 7?
10032
What is -110000110000 (base 2) in base 6?
-22240
-32188 (base 10) to base 14
-ba32
Convert -89775 (base 10) to base 11.
-614a4
5159 (base 10) to base 9
7062
What is 121000 (base 3) in base 16?
1b0
87606 (base 9) to base 10
58083
Convert 1046 (base 11) to base 9.
1804
What is 2423 (base 8) in base 12?
903
Convert -7ad4 (base 15) to base 5.
-1313244
Convert 10245 (base 8) to base 11.
3224
What is -1c5 (base 14) in base 15?
-199
Convert 88bc (base 14) to base 3.
1012111021
Convert -19261 (base 11) to base 3.
-1100221101
Convert -20633 (base 8) to base 11.
-6511
What is -d7c (base 15) in base 2?
-101111100010
101010101111 (base 2) to base 7
10655
Convert -14030 (base 6) to base 11.
-1700
-212112 (base 3) to base 16
-27b
Convert -499 (base 14) to base 8.
-1627
22560 (base 14) to base 9
136338
-583 (base 10) to base 16
-247
-11130 (base 4) to base 12
-250
-637 (base 9) to base 13
-310
-4589 (base 10) to base 2
-1000111101101
What is -2312 (base 10) in base 12?
-1408
What is 10100111010 (base 2) in base 5?
20323
What is -a6c6 (base 14) in base 2?
-111000001110110
-3323 (base 8) to base 15
-7b7
What is 305 (base 14) in base 4?
21101
Convert -5500 (base 6) to base 2.
-10011101100
Convert 202 (base 13) to base 7.
664
36706 (base 10) to base 4
20331202
What is 1011110110111 (base 2) in base 3?
22022212
-256 (base 14) to base 9
-570
-1021121 (base 3) to base 15
-424
What is 10111111111110 (base 2) in base 4?
2333332
1011111000 (base 2) to base 9
1034
Convert -70a0 (base 11) to base 10.
-9427
a049 (base 12) to base 3
212210010
100023 (base 4) to base 8
2013
What is 78c (base 13) in base 8?
2423
12014 (base 12) to base 5
1233313
What is 111000 (base 4) in base 10?
1344
Convert -2561 (base 13) to base 5.
-132233
-22212 (base 4) to base 2
-1010100110
Convert 11001010111010 (base 2) to base 4.
3022322
44561 (base 8) to base 7
105546
Convert -4cb0 (base 14) to base 4.
-3102222
Convert 454 (base 13) to base 11.
618
-22200001 (base 3) to base 12
-37a7
What is 101111001001 (base 2) in base 13?
14b1
Convert -252a (base 14) to base 2.
-1100101101010
-21000203 (base 4) to base 13
-13a45
What is 3959 (base 10) in base 13?
1a57
Convert -abd (base 14) to base 5.
-32002
What is -2463 (base 10) in base 6?
-15223
What is -1010001000 (base 2) in base 4?
-22020
-2244 (base 6) to base 5
-4112
25779 (base 10) to base 11
18406
Convert 21321 (base 4) to base 7.
1563
What is 115552 (base 8) in base 13?
15156
What is -254d (base 16) in base 7?
-36561
Convert -130011 (base 4) to base 3.
-2110120
Convert -118 (base 10) to base 14.
-86
Convert 2b7b (base 15) to base 12.
54a5
What is -1036 (base 12) in base 13?
-a62
Convert -2312 (base 8) to base 3.
-1200102
11001010011111 (base 2) to base 6
135555
-15622 (base 7) to base 16
-114a
What is -2ac (base 14) in base 4?
-20200
What is 11513 (base 6) in base 7?
4650
-20ca (base 14) to base 15
-1a2b
Convert 1b60 (base 12) to base 9.
4570
3432 (base 5) to base 12
350
Convert 330 (base 9) to base 14.
154
Convert -1687 (base 9) to base 8.
-2416
What is 4170 (base 16) in base 7?
66561
Convert -9643 (base 10) to base 13.
-450a
What is 37137 (base 8) in base 3?
210220101
What is 594c (base 15) in base 4?
10220130
What is 3435 (base 6) in base 3?
1010012
8bbc (base 16) to base 15
a8ec
Convert 110303 (base 4) to base 5.
20311
7466 (base 15) to base 5
1241441
Convert 393 (base 13) to base 6.
2523
51 (base 10) to base 13
3c
-10100110011 (base 2) to base 16
-533
-5250 (base 14) to base 16
-3766
What is 1021001 (base 3) in base 9?
1231
-49c (base 14) to base 11
-769
-4300 (base 5) to base 10
-575
-6589 (base 12) to base 3
-120100120
Convert -24509 (base 11) to base 16.
-8994
Convert -1313221 (base 4) to base 7.
-31216
What is -2297 (base 11) in base 4?
-233002
What is -10023 (base 5) in base 7?
-1601
Convert 248 (base 13) to base 15.
1b8
What is 11101111011 (base 2) in base 10?
1915
-120a2 (base 13) to base 6
-413103
What is 100011011001 (base 2) in base 13?
1053
10010121 (base 3) to base 9
3117
10011120 (base 3) to base 11
1810
Convert 508 (base 11) to base 16.
265
Convert a64 (base 12) to base 2.
10111101100
100111010100 (base 2) to base 11
1988
What is -1619 (base 10) in base 11?
-1242
Convert 1100101 (ba